7819892?
2, 17, 269, 4801
What are the prime factors of 1278638115?
3, 5, 307, 277663
What are the prime factors of 4776751449?
3, 19, 43, 649633
List the prime factors of 37857238.
2, 29, 103, 6337
What are the prime factors of 537331648?
2, 7, 17, 10079
What are the prime factors of 511390897?
511390897
List the prime factors of 2346851279.
179, 13110901
What are the prime factors of 7450410948?
2, 3, 19, 577, 56633
What are the prime factors of 12810385?
5, 7, 571, 641
What are the prime factors of 571616650?
2, 5, 11, 139, 7477
What are the prime factors of 266822356?
2, 23, 89, 32587
What are the prime factors of 5219165?
5, 7, 149119
What are the prime factors of 709774776?
2, 3, 9857983
List the prime factors of 368188896.
2, 3, 3835301
List the prime factors of 63731897.
1087, 58631
List the prime factors of 4122352851.
3, 73, 97, 194057
What are the prime factors of 39108312?
2, 3, 331, 547
What are the prime factors of 569767203?
3, 179, 13099
What are the prime factors of 1448273487?
3, 482757829
List the prime factors of 204902571.
3, 331, 206347
What are the prime factors of 3148954998?
2, 3, 7, 3851, 19469
List the prime factors of 36493121.
7, 1303, 4001
What are the prime factors of 17029408?
2, 11, 101, 479
What are the prime factors of 190130297?
7, 113, 157, 1531
List the prime factors of 145389505.
5, 29077901
What are the prime factors of 3542561709?
3, 103, 11464601
List the prime factors of 2775557329.
2775557329
What are the prime factors of 160757700?
2, 3, 5, 535859
What are the prime factors of 1256814262?
2, 11, 131, 436091
What are the prime factors of 11401360?
2, 5, 53, 2689
List the prime factors of 132875378.
2, 66437689
What are the prime factors of 79638102?
2, 3, 1033, 4283
List the prime factors of 163202196.
2, 3, 257, 52919
List the prime factors of 54606758.
2, 173, 157823
List the prime factors of 203734890.
2, 3, 5, 2263721
What are the prime factors of 3283246707?
3, 13, 8171, 10303
What are the prime factors of 815438567?
815438567
What are the prime factors of 1198004008?
2, 17, 659, 13367
List the prime factors of 337727778.
2, 3, 1091, 51593
What are the prime factors of 46753205?
5, 19, 181, 2719
What are the prime factors of 347630830?
2, 5, 29, 1198727
What are the prime factors of 2497874947?
2297, 1087451
List the prime factors of 1667535771.
3, 11, 281, 179827
List the prime factors of 11737411.
7, 239539
List the prime factors of 3406397333.
29, 47, 86179
What are the prime factors of 563804585?
5, 239, 471803
What are the prime factors of 176066849?
7, 3593201
What are the prime factors of 195815743?
29, 97, 151, 461
What are the prime factors of 44323226?
2, 3023, 7331
What are the prime factors of 3790496879?
13, 291576683
List the prime factors of 43577885.
5, 13, 17, 113, 349
What are the prime factors of 302447942?
2, 173, 874127
What are the prime factors of 161232927?
3, 53744309
List the prime factors of 30374781.
3, 10124927
What are the prime factors of 148257393?
3, 49419131
List the prime factors of 2872278542.
2, 7, 205162753
List the prime factors of 1046327829.
3, 348775943
List the prime factors of 2709724760.
2, 5, 23, 233, 12641
What are the prime factors of 118916669?
541, 219809
List the prime factors of 1257667.
19, 37, 1789
List the prime factors of 217603162.
2, 7, 17, 19, 48121
List the prime factors of 446295435.
3, 5, 1163, 25583
List the prime factors of 13523812.
2, 31, 109063
List the prime factors of 18280007.
18280007
What are the prime factors of 12039347?
12039347
List the prime factors of 574748568.
2, 3, 2660873
What are the prime factors of 219872778?
2, 3, 23, 1593281
List the prime factors of 284798420.
2, 5, 23, 113, 5479
List the prime factors of 74645460.
2, 3, 5, 414697
What are the prime factors of 2133473772?
2, 3, 177789481
What are the prime factors of 4116052559?
31, 132775889
What are the prime factors of 135992715?
3, 5, 9066181
What are the prime factors of 13283738?
2, 13, 39301
What are the prime factors of 475974907?
1657, 287251
List the prime factors of 89817950.
2, 5, 881, 2039
What are the prime factors of 2405479?
419, 5741
List the prime factors of 137865071.
37, 3726083
List the prime factors of 50381387.
7, 17, 67, 71, 89
List the prime factors of 44683853.
1789, 24977
List the prime factors of 2132130005.
5, 426426001
List the prime factors of 73256217.
3, 41, 595579
What are the prime factors of 200342667?
3, 7, 9540127
List the prime factors of 326442570.
2, 3, 5, 10881419
What are the prime factors of 995911771?
19, 41, 73, 83, 211
What are the prime factors of 137227272?
2, 3, 7, 13, 19, 3307
What are the prime factors of 4327857859?
13, 23, 14474441
List the prime factors of 4528666768.
2, 283041673
What are the prime factors of 2985386260?
2, 5, 6173, 24181
What are the prime factors of 5631674?
2, 53, 53129
What are the prime factors of 572075895?
3, 5, 23, 29, 57179
What are the prime factors of 74169856?
2, 31, 4673
What are the prime factors of 5188786719?
3, 1729595573
List the prime factors of 167821660.
2, 5, 8391083
What are the prime factors of 29446124?
2, 19, 387449
What are the prime factors of 5963016945?
3, 5, 181, 1481, 1483
List the prime factors of 80526379.
80526379
List the prime factors of 5117170652.
2, 11, 116299333
What are the prime factors of 214143636?
2, 3, 7, 997, 2557
What are the prime factors of 33458246?
2, 593, 28211
List the prime factors of 42910969.
41, 769, 1361
What are the prime factors of 618191554?
2, 4793, 64489
List the prime factors of 821003659.
7, 29, 31, 283, 461
What are the prime factors of 3719700238?
2, 67, 359, 77323
What are the prime factors of 658758556?
2, 31, 2099, 2531
What are the prime factors of 556075472?
2, 59, 589063
What are the prime factors of 196947654?
2, 3, 19, 43, 40177
What are the prime factors of 3969433?
13, 29, 10529
List the prime factors of 75748333.
75748333
What are the prime factors of 69693487?
31, 107, 21011
List the prime factors of 106229528.
2, 1759, 7549
What are the prime factors of 3467755?
5, 167, 4153
What are the prime factors of 2886046224?
2, 3, 4391, 13693
What are the prime factors of 124610156?
2, 11, 257459
List the prime factors of 1493279205.
3, 5, 11, 1459, 6203
What are the prime factors of 189359545?
5, 163, 283, 821
What are the prime factors of 159117853?
159117853
List the prime factors of 1111784840.
2, 5, 27794621
What are the prime factors of 62985743?
193, 326351
List the prime factors of 11460599.
11460599
List the prime factors of 85635221.
7, 3449, 3547
What are the prime factors of 418131898?
2, 17, 19, 647263
What are the prime factors of 79681806?
2, 3, 233, 2111
What are the prime factors of 185132491?
29, 389, 16411
List the prime factors of 59071465.
5, 43, 274751
What are the prime factors of 7831681809?
3, 7, 53276747
What are the prime factors of 201930698?
2, 313, 322573
What are the prime factors of 5513083229?
5513083229
What are the prime factors of 533888512?
2, 23, 45337
What are the prime factors of 270231653?
270231653
What are the prime factors of 1343898013?
18679, 71947
What are the prime factors of 606584308?
2, 11, 13786007
What are the prime factors of 59113509?
3, 7, 13, 223, 971
What are the prime factors of 28900597?
11, 239, 10993
What are the prime factors of 722950993?
17, 709, 59981
List the prime factors of 8932907714.
2, 4466453857
List the prime factors of 7488456.
2, 3, 67, 4657
List the prime factors of 220610530.
2, 5, 7, 17, 89, 2083
What are the prime factors of 7679903005?
5, 89, 17258209
What are the prime factors of 62632934?
2, 7, 13, 37, 71, 131
List the prime factors of 1452013413.
3, 1453, 333107
List the prime factors of 246704919.
3, 82234973
List the prime factors of 66226309.
53, 127, 9839
List the prime factors of 92906135.
5, 7, 199, 13339
List the prime factors of 25151328.
2, 3, 23, 3797
What are the prime factors of 331187200?
2, 5, 17, 761
List the prime factors of 65503825.
5, 2620153
What are the prime factors of 4536645630?
2, 3, 5, 11, 13747411
List the prime factors of 1326457636.
2, 7, 31, 43, 5077
List the prime factors of 264708549.
3, 7, 29, 144887
List the prime factors of 6125525387.
19, 322396073
What are the prime factors of 5713062348?
2, 